*w - 3 + 2 + 5*w + 0. What is j(v)?
-15
Suppose 111 = 16*c - 1. Suppose -c*w - 24 = 39. Let q(v) = 4*v + 12. Determine q(w).
-24
Let c = -23731 - -23704. Let p(x) = 2*x**2 + 55*x + 45. Give p(c).
18
Let r = 94 - 112. Let x be (r/4)/3*70/(-21). Let u(y) = 6 + 6*y**2 - y**3 - 7*y - 3 + 1. What is u(x)?
-6
Suppose -19*j + 26*j = 378. Suppose r + k - 6 = 0, -r - 2*k = -5*r + j. Suppose 1 - r = -2*m. Let h(x) = -x**3 + 4*x**2 + 4*x + 1. Give h(m).
-4
Suppose 4*p + p - 3*g = 96, -3*g = 6. Suppose z - 21 = -p. Suppose 8*y - 22 = -z*y. Let i(l) = -l**3 + 3*l**2 - 2*l - 1. What is i(y)?
-1
Let t(k) = -4*k + 1. Let n(f) = 9*f - 2. Let r(d) = -3*n(d) - 5*t(d). Suppose 0 = 5*g - 10*g - 2*q + 15, -2*q + 12 = 2*g. What is r(g)?
-6
Let g(w) = -w**3 + w**2 - w - 17. Let h(b) = -16*b**3 - 160*b**2 + 3*b + 30. Let t be h(-10). Give g(t).
-17
Let x(f) = -3*f**2 - 64*f - 18. Let t be x(-21). Let v(m) = m**2 - 5*m + 9. Let p be v(t). Let y(k) = 2*k**2 + 2*k - 4. What is y(p)?
20
Let g(l) be the second derivative of -l**7/168 + l**6/180 + l**5/60 - l**4/8 + 52*l**3/3 - 64*l - 2. Let n(x) be the second derivative of g(x). Give n(2).
-31
Let x(d) be the third derivative of d**8/6720 - d**7/2520 + d**5/10 - 19*d**4/24 - d**3/2 + 3*d**2 + 6. Let s(q) be the second derivative of x(q). What is s(0)?
12
Suppose -7*w + 11*w + 4*l + 1360 = 0, 5*l + 1024 = -3*w. Let d = -346 - w. Let p(y) = y**3 + 9*y**2 + 9*y + 11. What is p(d)?
3
Suppose 3*i = -2*w - 10 - 7, -w - 21 = 4*i. Let h(c) = 9*c - 3. Let g(x) = -8*x + 5. Suppose -12*l + 28 = -8. Let f(s) = l*h(s) + 2*g(s). What is f(w)?
-10
Let k(t) = 5 + 9 - 14 - 1. Let r(l) = -3*l - 4. Let c(z) = 3*k(z) - r(z). Calculate c(5).
16
Suppose -2*c + 15 = 3*b, 80 = -2*c + 68. Let y(h) be the first derivative of 0*h**2 + b*h + 16 + 1/3*h**3. What is y(0)?
9
Let l(r) = 10*r + 24. Suppose -365*h = 388*h - 285*h + 4212. What is l(h)?
-66
Suppose 4*r - 103 = -63. Suppose b = 5, 4*b - r = 2*y - 7*y. Let u(h) = -3*h**2 - 3*h**2 + 2 + h + 2*h**2. Give u(y).
-16
Let k(g) = -2*g**2 - 31*g - 33. Let i be ((-240)/16)/(1/1). What is k(i)?
-18
Let h(r) = -r**2 - 5*r + 3. Let v(o) = 1 + 0*o**2 - o**2 + 0*o**2 - o + 4. Let s be v(4). Let a = -20 - s. What is h(a)?
3
Let i = -8 + 14. Suppose 0 = 5*p - i*p - 6. Let y be (10*5/(-30))/((-2)/p). Let v(o) = o**2 + 5*o + 3. Give v(y).
3
Suppose -35 = -32*y + 25*y. Let z(t) = 111 - t**3 - 61 + y*t**2 - 51 + t. Give z(3).
20
Let n(g) = 2*g**3 - 9*g - 9. Let j be n(-3). Let k be 16/j + 28/(-18). Let w(h) = -3*h**2 - 3*h + 4. Determine w(k).
-2
Suppose -2*s + 5 = -d + 33, -5*s - 73 = -4*d. Let m(l) = -l**3 - 12*l**2 + 12*l - 18. Determine m(s).
-5
Let f(c) = -8*c**2 - c. Let w be (2/(-1))/(1/(-6 + 2)). Suppose 0*b - 2*b + 28 = -5*h, 0 = h - b + w. Let n be 5/(15/h) + 11/33. Determine f(n).
-7
Let y(q) be the second derivative of -q**5/20 - q**3/6 - 17*q**2/2 - q. Let l = 460 - 460. Let i be l/(-3)*(-7)/(11 + 3). Give y(i).
-17
Let z(a) = -a**2 - 6*a + 5. Let c be z(-6). Suppose q + c = 2*q. Let d(r) = -61*r - 12. Let v(l) = -27*l - 6. Let x(n) = -4*d(n) + 9*v(n). Determine x(q).
-1
Suppose -2*h + 4 = -2*b + 2*h, -5*b - 4*h + 18 = 0. Suppose b*l - u = 8, -l + u = -5 - 1. Let i(o) = -o + 4 + l - 5. Give i(-1).
2
Suppose 4*u - 35*v + 37*v = 26, -5*v = -u + 34. Let g(z) = z**2 - 15*z + 4. Give g(u).
-50
Let q(l) = -l**3 + 7*l**2 + 3*l - 2. Let p = -66 - -35. Let c = -30 - p. Let g be (c/(1/(-14)))/(13 + -15). Calculate q(g).
19
Suppose t - 2*t - 20 = -2*z, 0 = -4*z + 3*t + 36. Suppose 0 = z*j - 16*j + 8. Let l(b) = -72 + 37 + 37 - j*b. Calculate l(-6).
14
Let m = -52287/4 + 13072. Let h(v) be the first derivative of -2*v - 3/2*v**2 - m*v**4 - 34 - 2*v**3. What is h(-4)?
-22
Let j(x) = -7*x**2 + 30*x - 36. Let u(z) = -3*z**2 + 14*z - 18. Let q(h) = -2*h**2 + 11*h - 7. Let p be q(5). Let m(l) = p*j(l) + 5*u(l). Give m(8).
-2
Let t(d) = -30*d**2 + 7*d + 23. Let r(y) = 29*y**2 - 6*y - 20. Let g(f) = -8*r(f) - 7*t(f). What is g(-1)?
-22
Let n(y) = y + 9. Let r be -2 + -2 + 11 + 0. Let b(z) = z**2 - 3*z - 28. Let i be b(r). Calculate n(i).
9
Let p(q) = -994*q + 21 - 14 + 2*q**2 + 1002*q. What is p(5)?
97
Let y(r) be the second derivative of 109*r**3/6 - r**2/2 + 1750*r. What is y(1)?
108
Let m(s) be the second derivative of -11*s**3/3 + 9*s**2/2 + s - 240. Give m(-3).
75
Let j(k) = -k**3 - k**2 + 9. Let u be j(0). Suppose 0 = -3*b + 3*c + 777, -b + 2*c - 4*c + 268 = 0. Let h(z) = -10*z + b - 123 + z**2 - 131. What is h(u)?
-1
Let w = 2111/23028 - 16/1919. Let s(k) be the second derivative of -2/3*k**3 + 0 - 4*k**2 + 4*k - w*k**4. What is s(-6)?
-20
Let t(h) = -h**2 - 7*h - 5. Let j(u) = u**2 - 3*u + 5. Let i be j(5). Let d be ((-380)/i)/((-1)/(-9)*3). Let v = d + 72. What is t(v)?
7
Let a(g) = -12*g - 45. Let q(t) = -35*t - 135. Let u(i) = -8*a(i) + 3*q(i). What is u(-6)?
9
Let b be 448/10 - 1/(-5). Let i be b/(-4) - 3/(-12). Let f(m) = 21*m + 11. Let h(u) = -52*u - 23. Let o(x) = 5*f(x) + 2*h(x). What is o(i)?
-2
Let m(l) = 3*l**3 - 19*l**2 + 35*l - 3. Let q be m(2). Let y(v) = v**2 - 21*v - 8. What is y(q)?
-98
Let u(z) = 2*z**2 + 21*z + 24. Let b be u(-9). Let f(a) be the second derivative of a**4/12 + 2*a**3/3 + 3*a**2/2 + 35*a. Determine f(b).
0
Let s(y) = -y**3 + 65*y**2 - 66*y + 132. Let f be s(64). Let l(v) = -12*v + 29. Give l(f).
-19
Let x be 210/(-56)*4/(-3). Suppose 0 = x*p - y - 3*y + 5, 0 = 4*p - 2*y + 10. Let b(o) = o**2 + o - 7. Calculate b(p).
13
Let r(n) be the third derivative of n**5/120 + 7*n**4/24 - 4*n**3 + 18*n**2. Let u(x) be the first derivative of r(x). Determine u(-8).
-1
Let m(t) = -39*t + 239. Let v(q) = -17*q + 117. Let g(c) = 2*m(c) - 5*v(c). What is g(13)?
-16
Let l(f) = 153*f + 3711. Let d be l(-24). Let o(v) = -v**2 + 38*v + 38. Give o(d).
-1
Let n(o) = -13*o**2 + 46*o - 24. Let v(r) = -8*r**2 + 26*r - 16. Let y(q) = 5*n(q) - 8*v(q). Give y(0).
8
Let i(s) be the third derivative of 0*s - 1/60*s**5 + 0 - 7/24*s**4 + 17/6*s**3 + 105*s**2. Determine i(-9).
-1
Let b(y) = -2*y**3 + 13*y**2 - 16*y - 14. Suppose -3*k + 15 = 0, 2*c - 7*c + 45 = 4*k. Let v be b(c). Let r(j) = j**2 + 20*j + 26. Determine r(v).
7
Let p(b) be the second derivative of b**5/20 - 11*b**4/3 + 27*b**3/2 + 50*b**2 + 11202*b. Calculate p(42).
-26
Let x(p) be the third derivative of p**6/120 - 11*p**5/60 - p**4/8 + p**3/2 + 2*p**2 + 65*p - 10. Calculate x(10).
-127
Let d(y) be the first derivative of -3/2*y**2 + 6*y - 1/4*y**4 - 32 - 7/3*y**3. Give d(-6).
-12
Suppose -h = 7, -4*k - 77*h = -82*h - 63. Let w(o) = o**3 - 7*o**2 - 6*o. Calculate w(k).
-42
Let i(l) = l**2 + 14*l - 22. Let o be i(-15). Let k(p) = p**2 + 6*p + 17. What is k(o)?
24
Suppose -2*h + h = -311. Let c = -305 + h. Let w(b) be the third derivative of -b**4/12 + b**3 - b**2. Give w(c).
-6
Let k(j) = j**2 + 5*j - 11. Suppose 246 = 81*t + 732. What is k(t)?
-5
Let i(m) = -2*m**2 - 11*m - 1. Let k be i(-4). Suppose 0 = -4*n - k + 27. Suppose 0*t - 4*l + 11 = 3*t, -n*t = l + 7. Let a(j) = 2*j + 1. Determine a(t).
-5
Let u(c) be the second derivative of 17/2*c**2 + 1/6*c**3 + 0 + 111*c. What is u(-5)?
12
Let y(b) = -b**2 + 4*b + 5. Let l(c) = c**3 - 4*c**2 + 4*c. Let p be l(3). Suppose 0 = 5*a - 5, -3*d - d - p*a = -107. Suppose -8*g + d = -14. Determine y(g).
0
Let j(z) = -25 + 26 - 67 - 27 + 27*z - 21*z. What is j(12)?
-21
Let a(v) = v**2 - v + 1. Suppose 3*m + w = m - 22, -2*m = -5*w + 34. Let o(u) = u**3 + 14*u**2 + 23*u - 12. Let q be o(m). Suppose c - 1 = -q. Calculate a(c).
1
Let j(z) = z**2 + 1. Let r(n) = 3*n**2 - 10*n + 5. Let p(m) = 4*j(m) - r(m). Calculate p(0).
-1
Let r(t) = -t**3 + 2*t**2 - 4*t + 4. Let a = 303 - 140. Let u = -160 + a. Give r(u).
-17
Let m(n) = 57*n - 341. Let d(r) = 58*r - 305. Let h(g) = 5*d(g) - 6*m(g). Calculate h(10).
1
Let l(h) = -h**2. Let a(m) = 33*m + 9. Let z be a(3). Let o be (4/(-18) + 24/z)/(-2). Calculate l(o).
0
Suppose 4*x - u - 43 = 0, -4*u = x - 9 - 6. Suppose 2*z + z - x = 2*a, a + 3 = z. Let f(j) = -8*j - 2*j**a + 10 + 2*j**2 - 3 + j**2. Give f(6).
-5
Let b(f) = -20 + f**2 + 3913*f + 3919*f + 3918*f + 3914*f - 15651*f. Let t = 22 + -36. Determine b(t).
-6
Let i(t) = -2*t**3 - t**2 - 5*t - 3. Let g(b) = 6*b**3 + 3*b**2 + 13*b + 9. Let j(f) = -3*g(f) - 8*i(f). Determine j(0).
-3
Suppose 0*g + 6 = 3*g. Suppos